et k = g - 95. Let j = 52 + k. Is j a prime number?
False
Let c(m) be the first derivative of -m**4/4 + 8*m**3/3 + 6*m**2 - 2*m - 6. Is c(-5) composite?
False
Suppose 3*w = -4*w + 105. Let y be 10/2*6/w. Suppose 3020 = 3*a + a - 4*u, -y*a - 5*u + 1496 = 0. Is a composite?
True
Suppose 4*i = -0*i + 880. Suppose -1812 - i = -8*x. Is x a prime number?
False
Let v(m) = 571*m - 69. Let x be v(4). Let h(j) = -j**2 + 2*j + 3. Let d be h(3). Suppose -n + 4*p + 443 = d, 5*n + 0*p - x = -p. Is n a composite number?
False
Suppose 718 - 3469 = -3*s. Is s composite?
True
Suppose -o = -4*a + 19, -4*a - 4*o - 10 = -9*a. Let u(n) be the second derivative of 5*n**4/3 - 7*n**3/6 + 7*n**2/2 + n. Is u(a) a prime number?
False
Let m = -28 - -28. Suppose 9 = 5*a - 11, m = -2*g - 4*a - 5674. Is 68/119 + g/(-7) prime?
False
Let a(h) = -21*h**2 - 50*h - 4. Let q(w) = -7*w**2 - 17*w - 1. Let k(b) = -4*a(b) + 11*q(b). Let u(v) = v**2 - 6*v + 8. Let i be u(6). Is k(i) a prime number?
True
Suppose -5*r = 3*a + 28, -a = -r - 4*r - 4. Let y be a*1*(-4)/8. Is y/(-3 + 184/61) a composite number?
True
Suppose 5*h - 101 + 1 = 0. Suppose 5*o - 5*f = 40, -2*o = 3*o - f - h. Is ((152 - o)*-1)/(-1) composite?
False
Suppose i + 4 = 0, -3*h + i = -h - 14. Suppose -n = -h*n + 2444. Is n a prime number?
False
Let v(d) = -4 - 6 + 0 - 4 - 58*d. Is v(-4) a composite number?
True
Suppose -22*f + 6*f = -202480. Is f a composite number?
True
Let b = 1741 + 13126. Is b a composite number?
False
Let r(b) = 5992*b**3 - 2*b**2 + 4*b - 1. Is r(2) a prime number?
False
Let b(y) = y**2 + 10*y + 15. Let l be b(-6). Let h(p) = p**3 + 13*p**2 + 3*p + 2. Is h(l) prime?
False
Suppose 11*p + 7473 = 14*p. Is p a composite number?
True
Let o = 559 + 77. Let t be (4/12*0)/(-2 - -1). Suppose t*c - 4*c = -o. Is c composite?
True
Let q(g) = 19*g - 10. Is q(23) prime?
False
Let h be 6*(1 + (-10)/4). Is (-291)/h*12/4 composite?
False
Let i(s) = 4798*s + 53. Is i(2) a composite number?
False
Let d be -3*10/6 + -735. Let p = 251 - d. Is p composite?
False
Suppose -13*c + 11*c = 4220. Is (0 - -3)*c/(-30) composite?
False
Let a be 4*8/(-32) - -3. Let v(k) = 10*k**2 - 4*k. Let o be v(-5). Suppose 4*n - o = c - 3*c, 0 = -4*n + a*c + 282. Is n composite?
True
Suppose -36*b + 91294 = -22*b. Is b prime?
True
Suppose -4*d + 40 = 4*c, -d - 37 = -3*c + 3*d. Let a = c - 18. Let i = 141 + a. Is i prime?
False
Let r(g) = -2*g - 14. Let x be r(-2). Suppose -2*d = -6*d - 424. Is x/4*1*d prime?
False
Let g be 1609*(-1 - (-12)/16)*-4. Suppose -1651 = -4*w + g. Is w a prime number?
False
Let b = 122 - 120. Suppose 3*l + 280 = s, -b*l = -3*s - 3*l + 870. Is s prime?
False
Suppose -j + 7*r - 2*r + 469 = 0, -j - r = -469. Is j prime?
False
Suppose 3*p + 3791 + 3862 = 0. Let a = 5328 + p. Is a a composite number?
False
Let j = 4617 + -988. Is j a composite number?
True
Let y be (-2)/(3*(-2)/3). Let p be y/(-7) + (-3876)/(-84). Suppose 4*u = -2*m + 24 + 6, 2*m - 4*u = p. Is m composite?
False
Let i = 6 + -8. Is (i + (-7552)/(-12))/((-4)/(-6)) prime?
True
Let s(l) = -l**2 + 14*l - 14. Let u(a) = a**3 - 3*a**2 - a + 3. Let j be u(3). Suppose j = 8*x - x - 70. Is s(x) a prime number?
False
Let a be 1066/10 + (-6)/10. Let q = a - -51. Is q composite?
False
Let m = -30132 + 73109. Is m prime?
False
Let w be 9/(-6)*2 + 203. Let r = w - -431. Is r prime?
True
Suppose -5*q + 161 = -404. Is q prime?
True
Suppose p - 57930 = -9*p. Is p a prime number?
False
Is 39711/15 - (-2)/(-5) prime?
True
Suppose 0 = z - 8*u + 4*u - 389, -4*z + 1598 = 5*u. Is z a prime number?
True
Let b(g) = 19*g**2 - 8*g - 5. Suppose -12*h + 16*h = 24. Is b(h) composite?
False
Let u(n) = -93*n**3 + n + 15. Is u(-4) a composite number?
True
Suppose 0 = -25*m + 7*m + 61866. Is m prime?
False
Suppose -3*a + 15*q - 17*q + 38405 = 0, -3*q + 12811 = a. Is a a composite number?
False
Suppose 4*t + 476 = 2*t. Let u = t + 346. Suppose u = 2*m - 190. Is m composite?
False
Let u = 6 - 1. Let z(g) = -g**3 + 8*g**2 - 5*g + 3. Let h be z(u). Let k = 92 - h. Is k composite?
True
Suppose 14004 - 2280 = -4*m - 3*r, 5*r = -20. Let u = 4105 + m. Is u a composite number?
True
Let z(w) = -w**2 - w + 1. Let s be z(2). Let y be 2 + -946*s/10. Suppose y = -5*o + 1530. Is o a composite number?
False
Suppose -4*k = -4, 0*c - 2*c + k + 15 = 0. Let r be (-4912)/(-6)*12/c. Suppose -5*n + n + r = 0. Is n prime?
True
Suppose 0*v - h - 1 = -v, -2*v + h = 2. Let a(s) = -43*s + 4. Is a(v) a prime number?
False
Let h be 1*3/(9/15). Suppose -4*g + 3*r + 4871 = 0, 1432 + 2224 = 3*g - h*r. Is g a prime number?
True
Suppose -r + 5001 = 4*l, 4*r - 14144 = l + 5945. Is r prime?
True
Suppose 7 = -192*o + 185*o. Let m(l) = -88*l - 1. Let v be m(-1). Is 2*o - (-2 - v) a composite number?
True
Let v be 6144/10 + (-8)/20. Let p = 933 - v. Is p prime?
False
Let i = -13 + 18. Let o = -73 + 77. Suppose -k + i*g + 91 = 0, 3*g = -o*k + 3*k + 91. Is k composite?
True
Let u = 2339 - -4332. Is u composite?
True
Suppose 5*j - 803 = -6*j. Suppose -j*o = -78*o + 185. Is o a prime number?
True
Suppose 3*b = 2*q + 6, b + 15 = -5*q + 2*b. Let s(i) = -279*i - 16. Is s(q) composite?
False
Let t be 1/(-2) - (-1 + (-501)/2). Let c = t - 124. Is c a prime number?
True
Is ((-56)/42)/(4/(-30507)) composite?
False
Let y(d) = 4*d - 34. Let f be y(-18). Let h = f + 225. Is h composite?
True
Let r(f) = -128*f**2 - 5*f - 7. Let l be r(5). Let z = -1725 - l. Is z a composite number?
True
Let p be (19 + 60)*(0 + 7)/1. Suppose 2*n = -5*r + p, -6*r - 792 = -3*n - r. Is n prime?
True
Suppose -2*i - 22 = 3*z, -5*i - 28 = 2*z - i. Let x be (-10)/z*(-16)/(-20). Suppose 114 + 44 = x*j. Is j a prime number?
True
Let p = -30 - -27. Let c(i) = -4*i + 2. Let s be c(p). Let x = s - -113. Is x a prime number?
True
Let k = 7336 + 4569. Is k a prime number?
False
Let f(v) = -3*v - 1. Let r be f(-1). Let q = r + 7. Suppose -q*y + 14*y = 3155. Is y prime?
True
Let a = 25568 + -17575. Is a a composite number?
False
Let t = 72 - 74. Is 1012 + t*((-20)/8 - -4) prime?
True
Let s be 34 - (2 + (4 - 6)). Suppose 4*b - 3*y - s = 0, -b - 4 = 5*y - 1. Is b a prime number?
True
Let z(s) = -269*s**3 - 8*s**2 + 18*s + 42. Is z(-5) a composite number?
False
Let u be ((-74)/3)/((-12)/(-162)). Is (-60)/(-18)*u/(-6) prime?
False
Let g be (-2)/6*(-3 + 180). Let c = 82 + g. Is (-6)/(44/c - 2) a composite number?
True
Let q(w) = -172 + 3 - 50 + w. Let g be q(0). Is (-4)/(2*3/g) composite?
True
Let s = -504 - -895. Let z be -3 + 6/(45/12 - 3). Suppose s + 154 = z*t. Is t composite?
False
Let y = 560 - -3413. Is y prime?
False
Suppose s = -2*s + 12. Suppose -p = -0*p - s. Suppose -p*d + 2*j + 1885 - 299 = 0, 3*d + 2*j - 1193 = 0. Is d composite?
False
Let k(l) = 2*l + 2. Let n be k(-3). Is 2 + (-332*3)/n composite?
False
Suppose 0 = -5*k + 43238 - 8523. Is k a prime number?
False
Suppose -y + 3*y - 6 = 0. Suppose -q = 7 + y. Is (-8)/q - (-721)/5 a composite number?
True
Let f(x) be the second derivative of x**4/12 - x**3/2 + x**2/2 + x. Suppose t - q + 2 = 0, -3*q - 15 = -0*q. Is f(t) composite?
False
Suppose 5*q + 3 = f + 6, 0 = -3*q + 12. Suppose 6*d - f*d + 8767 = 0. Is d a composite number?
False
Is (14010/(-45))/(6/(-9)) a composite number?
False
Suppose -5*q = 5*n - 2515, 4*n + 754 - 2781 = -q. Suppose 37*l - n = 33*l. Is l a prime number?
True
Suppose -2315 = -3*s + 4*x, 0*x + 3074 = 4*s + x. Is (1 + -4 - -4)/(1/s) a prime number?
True
Is 5/((-120)/(-7914))*4 composite?
False
Suppose 8 = 3*t - 58. Suppose s + t = -104. Let h = -83 - s. Is h a prime number?
True
Let x(a) = -77*a**3 + 8*a**2 + a + 8. Let l be x(4). Is (l/10 + (-1)/5)*-1 a composite number?
False
Let j = -3 + 7. Let s = -2 + j. Suppose -s*g = -g + 3*d - 248, 5*g - 1291 = 2*d. Is g a composite number?
False
Let x(q) = -8*q + 3*q**2 + 4*q**3 - 3*q**3 + 4*q. Let m be x(-4). Suppose 4*c - h = 2*c + 948, 3*c + 4*h - 1411 = m. Is c a prime number?
False
Suppose -5*n + 3 + 2 = 0. Suppose -q + 0 = -2*b + n, 0 = -q + 5*b - 7. Is 35*q*4/12 prime?
False
Let f(r) = 11*r**3 - 5*r**2 - 3*r + 7. Let i(b) = 23*b**3 - 11*b**2 - 6*b + 15. Let v(z) = 5*f(z) - 2*i(z). Is v(4) prime?
True
Let f = 64326 - 27581. Is f composite?
True
Let s = -308 - -99. Let w = 376 + s. Is w a composite number?
False
Let r = -386 - -460. Is r prime